3*c, -6*t + 362 = -c. What is the greatest common factor of t and 1510?
10
Suppose 400 = 3*j - 7*j. Let n be -10*(-5)/(j/8). Let t be -1 + (-164)/n + -4. Calculate the greatest common factor of 72 and t.
36
Let i be 12*(26/195)/((-2)/(-560)). Let m be (i/40)/((-6)/(-45)*3). What is the highest common divisor of m and 32?
4
Let k = 1154 + -18. Suppose -69*b + 5276 - 377 = 0. Calculate the greatest common divisor of b and k.
71
Suppose -6488 + 6848 = 5*p. Calculate the highest common divisor of p and 7632.
72
Let c be 12*(0 + (-49)/(-28)). Calculate the greatest common divisor of c and 350.
7
Let l be (-3 + 1)*(-15 + (-323)/(-34)). Let u(t) = 23*t - 18. Let b be u(-15). Let g be b/6*(0 + -2). Calculate the greatest common divisor of l and g.
11
Suppose -4*u + 366 = -610. Let k(y) = y**2 - 34*y + 181. Let s be k(30). What is the greatest common divisor of s and u?
61
Let t = 13259 - 12785. Calculate the highest common divisor of 6794 and t.
158
Suppose -2*i + 338*d - 333*d = -277, 5*d + 25 = 0. What is the greatest common divisor of i and 576?
18
Let v be (0 + 4/2)*2. Suppose -6 = -v*s - 5*g, 8 = -g - 3*g. Suppose -5 = -s*a + 39. Calculate the greatest common factor of 99 and a.
11
Suppose -4*s + 268 = -4*u, -3*u + 8*u = 2*s - 119. Calculate the highest common divisor of s and 50.
2
Let y(n) = 234*n**2 + n - 1. Let t be y(1). Suppose 0*f - h = -2*f + 10, -4*f = 3*h. Suppose 63 - 141 = -f*z. What is the greatest common divisor of z and t?
26
Suppose -c = 6*c - 2*c. Let o(v) = -5*v + 3. Let h be o(c). Suppose 2*q + 2 = 0, 6*x - h*x - 104 = 2*q. What is the highest common divisor of x and 306?
34
Let l = 278646 + -278338. Suppose 0 = 4*h - h + 4*i - 122, -2*i = -5*h + 212. What is the highest common divisor of l and h?
14
Suppose -3*k + 1758 = 1143. Suppose -k = -l + 5*a, -8*l - 2*a + 1079 = -3*l. Calculate the greatest common divisor of 5 and l.
5
Let l(r) = -3*r**2 - 19*r + 37. Let k be l(-7). Calculate the highest common factor of 1219 and k.
23
Suppose -21*d + 758 = 5*a - 17*d, -4*d - 782 = -5*a. Let q(x) = 20 - 2 + x - 4 + x**3. Let p be q(0). Calculate the greatest common divisor of p and a.
14
Let z = -177 - -178. Suppose -n + 0*n = z, 0 = -2*m - 4*n + 78. What is the highest common divisor of 451 and m?
41
Let a(f) = -4*f - 7*f + f + 113 + 9*f. Let b be a(-6). What is the highest common divisor of b and 17?
17
Let g(x) = x**2 + 15*x + 26. Suppose 8*c = 5*c - 39. Let z be g(c). Suppose v + z*v = 8. What is the highest common divisor of v and 24?
8
Let n = -4685 - -4705. What is the highest common divisor of n and 415?
5
Let w = -51 - -351. Let v(i) = 32*i - 8. Let x be v(1). Suppose -2*o + x = -3*d + 124, -4*o = 5*d - 130. What is the highest common divisor of w and d?
30
Let s be (-10)/25 - 7/(70/(-4)). Suppose 820 = -s*j + 4*j - 2*q, -3*j + 4*q + 620 = 0. What is the greatest common factor of j and 17?
17
Let x be 1*(-1)/(-1) + 20. Let z(s) = -8*s + 154. Let p be z(19). Suppose -p*f = -11*f + 27. Calculate the greatest common divisor of f and x.
3
Suppose 19086 = 12*v + 18630. What is the highest common divisor of 3401 and v?
19
Let o be 18/105*10*42. Suppose -127 = -m - 4*q + o, 5*q = 2*m - 398. Suppose 3*z + j - m = -65, 3*z - j = 130. What is the greatest common divisor of z and 44?
44
Let c be (-1)/((2/(-4))/((-81)/(-18))). Calculate the greatest common divisor of 47 and c.
1
Let t = -149 - -151. Suppose -5*u = 3*l - 99, t*l - u - 33 = l. What is the highest common factor of 55 and l?
11
Suppose -130*z + 96*z + 45240 = 140*z. What is the highest common divisor of 620 and z?
20
Let t = 299 - -29. Let r be 1/2*(-84 + 28). Let c be (41/4)/((-7)/r). What is the greatest common factor of c and t?
41
Suppose 0 = -4*t - 20, -115*w - 5*t = -112*w - 650. What is the greatest common divisor of 495 and w?
45
Suppose 2*n + 0*u = -3*u - 3, -13 = 4*n - u. Let l be (-20)/n*(-231)/(-14). Calculate the greatest common divisor of l and 66.
22
Let q(k) = 15*k + 12. Let s be q(-6). Let o = 83 + s. Let i(x) = 5*x - 21. Let y be i(o). Calculate the highest common divisor of y and 12.
4
Suppose 2354 = 16*q - 8478 - 10864. Calculate the greatest common factor of q and 24.
12
Let b = 2544 + -2258. Suppose -4*r + 146 = -3*a + 45, 0 = 2*r - a - 51. What is the highest common divisor of b and r?
26
Let j = -13317 + 15500. What is the greatest common divisor of 296 and j?
37
Let n(o) = -53*o - 2030. Let w be n(-49). Calculate the highest common factor of 1539 and w.
81
Suppose 4*z - 8 = -4*z. Let p be (-770)/25*z/(3/15). Let x be (32/5)/(-5 - p/30). What is the highest common factor of x and 8?
8
Let s(n) = 10*n + 40. Let r be s(-4). Let w(b) = -b**3 - 2*b + 27. Let o be w(r). Calculate the greatest common divisor of o and 9.
9
Let g(t) = 403*t + 736. Let v be g(-2). Let p(c) = -c**2 - 7*c - 6. Let w be p(6). Let x = v - w. What is the greatest common divisor of 182 and x?
14
Let s = -69 + 67. Let r be (-6)/(-5 + 4 + s). Let x be ((-168)/(-14))/(4/6). Calculate the highest common divisor of x and r.
2
Suppose -22*u - 3*w - 148 = -27*u, -5*w = 30. Calculate the greatest common divisor of 7202 and u.
26
Let x be 46/6 + (-3)/(-9). Suppose 0 = 63*f + 2*f - 2828 + 878. Calculate the greatest common divisor of f and x.
2
Suppose 24*t + 15*t - 2730 = 0. What is the highest common divisor of 480 and t?
10
Suppose -5*u - y + 100 = 4*y, 0 = 5*u - y - 88. What is the highest common divisor of u and 63?
9
Suppose q - 1995 = -688*p + 693*p, 2*q - p - 3981 = 0. What is the greatest common factor of q and 1791?
199
Suppose -1 = -5*u + 124. Suppose -u*z - 153 = -34*z. What is the highest common factor of 1 and z?
1
Let t be ((-12319)/582 - (-22)/6)/(1/(-66)). What is the highest common divisor of 5115 and t?
165
Let b = -6591 + 11579. Calculate the highest common factor of 4 and b.
4
Let r = -105 + 110. Suppose -r*u + 2*n = 0, 0*n + n = 0. Suppose 6*a + 5*a - 770 = u. What is the highest common divisor of 20 and a?
10
Let v = -6278 + 6448. Let c(i) = -33*i**3 + 1. Let x be c(-1). Calculate the highest common divisor of v and x.
34
Suppose -3*x + 9 = 5*g - 3*g, -3*g = -3*x + 9. Let q(b) = -b**3 + b**2 - b + 80. Let d be q(g). What is the highest common factor of d and 16?
16
Suppose 4*b = 2*z - 456, b = 3*z - 152 - 517. Let s = -144 + z. What is the greatest common divisor of s and 6?
6
Let d be 1022/7 + -14 + -17. Calculate the highest common divisor of 7015 and d.
115
Let q(r) = -r + 9. Let v be q(-5). Let f be (-37)/(-3) + v/(-42). What is the greatest common factor of 3 and f?
3
Suppose 17*a = 21*a - 12. Suppose a*o = o - 228. Let q be ((-5)/(-10))/((-3)/o). What is the greatest common factor of q and 133?
19
Suppose 0 = -3*p - 4*c + 88, -2*p - 3*c = 2*p - 108. Suppose 5*h + 131*r = 129*r + 4790, 4*r + 5780 = 6*h. Calculate the highest common divisor of h and p.
24
Let m(j) = -8*j + 237. Let n be (-413)/(-14) - 2/4. Let b be m(n). Calculate the greatest common factor of b and 215.
5
Suppose 2*a - 93 = s, 0 = -2*a - 3*s + 5*s + 90. Let n = 40 + -42. Let q be (-71)/n + (4 - 7)/(-6). Calculate the greatest common divisor of q and a.
12
Let k = 25243 + -25194. Let y be (-1)/4 - (-42)/8. Suppose -y*g = -31 - 4. Calculate the greatest common factor of k and g.
7
Suppose -3*z = -36 - 84. Suppose 2287 = -7*t + 2343. Calculate the greatest common divisor of t and z.
8
Suppose 725 = -4*c - 5*h + 141, 2*c = -4*h - 298. Let g = c - -1531. What is the greatest common divisor of 10 and g?
10
Suppose -45 = -4*a + a. Let s = -152 - -166. Let n be -3 + 3 + s + (4 - 3). Calculate the highest common factor of n and a.
15
Let q be 15/60 + (-43)/(-4). Suppose -k + 4*v - 4 = 0, -3*v + 1 + q = 0. Let f(d) = 7*d + 33. Let u be f(k). Calculate the greatest common factor of u and 13.
13
Let r(p) = -2*p**3 - 15*p**2 - 8*p - 7. Let t be r(-7). Let j be (2 - t)/((-3)/(-3)). Let x be (-6)/4*4*(-7)/j. What is the highest common factor of 147 and x?
21
Suppose -150373 = -2*y + n, 6*y + 4*n + 375931 = 11*y. What is the highest common factor of 161 and y?
161
Let u = 30 - 15. Suppose 4*k = r - 53, 5*k - 371 = -391. Let a = r - u. What is the greatest common divisor of a and 55?
11
Suppose -785835 = -6*t - 785619. Let k be (-2)/(-1*(-1)/(-84)). Calculate the highest common divisor of t and k.
12
Let y = -27